{"id":9231,"date":"2026-02-17T18:21:34","date_gmt":"2026-02-17T17:21:34","guid":{"rendered":"https:\/\/www.bouyaeditions.com\/?post_type=product&#038;p=9231"},"modified":"2026-02-17T18:30:15","modified_gmt":"2026-02-17T17:30:15","slug":"la-maree-du-sang","status":"publish","type":"product","link":"https:\/\/www.bouyaeditions.com\/?product=la-maree-du-sang","title":{"rendered":"La Mar\u00e9e du sang"},"content":{"rendered":"<p><span class=\"s4\">La Mar\u00e9e du Sang<\/span><span class=\"s6\">\u00a0est un roman indispensable. C&rsquo;est un plaidoyer pour la responsabilit\u00e9 individuelle, une mise en garde contre l&rsquo;insouciance et une r\u00e9flexion profonde sur le pardon et la r\u00e9demption. En refermant ce livre, le lecteur n\u2019est pas seulement \u00e9mu par le destin d\u2019Alberta ; il est interpell\u00e9 dans sa propre conscience de citoyen.<\/span><\/p>\n","protected":false},"excerpt":{"rendered":"<p><span class=\"s4\">La Mar\u00e9e du Sang<\/span><span class=\"s6\">\u00a0est un roman indispensable. C&rsquo;est un plaidoyer pour la responsabilit\u00e9 individuelle, une mise en garde contre l&rsquo;insouciance et une r\u00e9flexion profonde sur le pardon et la r\u00e9demption. En refermant ce livre, le lecteur n\u2019est pas seulement \u00e9mu par le destin d\u2019Alberta ; il est interpell\u00e9 dans sa propre conscience de citoyen.<\/span><\/p>\n","protected":false},"featured_media":9232,"template":"","meta":[],"product_cat":[33,71,69],"product_tag":[72],"class_list":{"0":"post-9231","1":"product","2":"type-product","3":"status-publish","4":"has-post-thumbnail","6":"product_brand-nouveaute","7":"product_cat-arts-literature","8":"product_cat-nouveautes","9":"product_cat-roman","10":"product_tag-n","12":"first","13":"instock","14":"shipping-taxable","15":"purchasable","16":"product-type-simple"},"_links":{"self":[{"href":"https:\/\/www.bouyaeditions.com\/index.php?rest_route=\/wp\/v2\/product\/9231","targetHints":{"allow":["GET"]}}],"collection":[{"href":"https:\/\/www.bouyaeditions.com\/index.php?rest_route=\/wp\/v2\/product"}],"about":[{"href":"https:\/\/www.bouyaeditions.com\/index.php?rest_route=\/wp\/v2\/types\/product"}],"wp:featuredmedia":[{"embeddable":true,"href":"https:\/\/www.bouyaeditions.com\/index.php?rest_route=\/wp\/v2\/media\/9232"}],"wp:attachment":[{"href":"https:\/\/www.bouyaeditions.com\/index.php?rest_route=%2Fwp%2Fv2%2Fmedia&parent=9231"}],"wp:term":[{"taxonomy":"product_cat","embeddable":true,"href":"https:\/\/www.bouyaeditions.com\/index.php?rest_route=%2Fwp%2Fv2%2Fproduct_cat&post=9231"},{"taxonomy":"product_tag","embeddable":true,"href":"https:\/\/www.bouyaeditions.com\/index.php?rest_route=%2Fwp%2Fv2%2Fproduct_tag&post=9231"}],"curies":[{"name":"wp","href":"https:\/\/api.w.org\/{rel}","templated":true}]}}