{"id":9218,"date":"2026-02-17T17:59:35","date_gmt":"2026-02-17T16:59:35","guid":{"rendered":"https:\/\/www.bouyaeditions.com\/?post_type=product&#038;p=9218"},"modified":"2026-02-17T18:28:39","modified_gmt":"2026-02-17T17:28:39","slug":"volupte-fatale","status":"publish","type":"product","link":"https:\/\/www.bouyaeditions.com\/?product=volupte-fatale","title":{"rendered":"Volupt\u00e9 fatale"},"content":{"rendered":"<p>Ce roman est une mine d\u2019informations sur le sida et surtout sur les attitudes et les comportements de ceux qui, sans rel\u00e2che, m\u00e8nent une v\u00e9ritable croisade contre ce fl\u00e9au. Un livre ancr\u00e9 au plus profond de la r\u00e9alit\u00e9 de n\u2019importe quelle soci\u00e9t\u00e9, l\u00e0 o\u00f9 les hommes et les femmes sont mus par le besoin inalt\u00e9rable de satisfaire leurs passions, aiguillonn\u00e9s par une volupt\u00e9 parfois fatale. D\u2019Ang\u00e9la, l\u2019h\u00e9ro\u00efne, \u00e0 H\u00e9l\u00e8na, l\u2019amie intime, en passant par Thomas, le p\u00e8re incestueux, les personnages appellent \u00e0 r\u00e9fl\u00e9chir sur l\u2019homme et sa condition.<\/p>\n","protected":false},"excerpt":{"rendered":"<p>Ce roman est une mine d\u2019informations sur le sida et surtout sur les attitudes et les comportements de ceux qui, sans rel\u00e2che, m\u00e8nent une v\u00e9ritable croisade contre ce fl\u00e9au. Un livre ancr\u00e9 au plus profond de la r\u00e9alit\u00e9 de n\u2019importe quelle soci\u00e9t\u00e9, l\u00e0 o\u00f9 les hommes et les femmes sont mus par le besoin inalt\u00e9rable de satisfaire leurs passions, aiguillonn\u00e9s par une volupt\u00e9 parfois fatale. D\u2019Ang\u00e9la, l\u2019h\u00e9ro\u00efne, \u00e0 H\u00e9l\u00e8na, l\u2019amie intime, en passant par Thomas, le p\u00e8re incestueux, les personnages appellent \u00e0 r\u00e9fl\u00e9chir sur l\u2019homme et sa condition.<\/p>\n","protected":false},"featured_media":9219,"template":"","meta":[],"product_cat":[33,69],"product_tag":[73],"class_list":{"0":"post-9218","1":"product","2":"type-product","3":"status-publish","4":"has-post-thumbnail","6":"product_cat-arts-literature","7":"product_cat-roman","8":"product_tag-ancien","10":"first","11":"instock","12":"shipping-taxable","13":"purchasable","14":"product-type-simple"},"_links":{"self":[{"href":"https:\/\/www.bouyaeditions.com\/index.php?rest_route=\/wp\/v2\/product\/9218","targetHints":{"allow":["GET"]}}],"collection":[{"href":"https:\/\/www.bouyaeditions.com\/index.php?rest_route=\/wp\/v2\/product"}],"about":[{"href":"https:\/\/www.bouyaeditions.com\/index.php?rest_route=\/wp\/v2\/types\/product"}],"wp:featuredmedia":[{"embeddable":true,"href":"https:\/\/www.bouyaeditions.com\/index.php?rest_route=\/wp\/v2\/media\/9219"}],"wp:attachment":[{"href":"https:\/\/www.bouyaeditions.com\/index.php?rest_route=%2Fwp%2Fv2%2Fmedia&parent=9218"}],"wp:term":[{"taxonomy":"product_cat","embeddable":true,"href":"https:\/\/www.bouyaeditions.com\/index.php?rest_route=%2Fwp%2Fv2%2Fproduct_cat&post=9218"},{"taxonomy":"product_tag","embeddable":true,"href":"https:\/\/www.bouyaeditions.com\/index.php?rest_route=%2Fwp%2Fv2%2Fproduct_tag&post=9218"}],"curies":[{"name":"wp","href":"https:\/\/api.w.org\/{rel}","templated":true}]}}